-545 = -2*b - 3*v + 8*v. List the prime factors of b.
2, 3, 5
List the prime factors of (-83032)/(-214) + 3/(6/(-8)).
2, 3
Let z(l) = l**2 - 10*l + 16. Let y = 23 + -5. List the prime factors of z(y).
2, 5
Suppose -50*g = -54*g + 2684. List the prime factors of g.
11, 61
Let b = -121 + 124. Suppose -2*t = 5*x - 249, -7*t + x + 487 = -b*t. What are the prime factors of t?
2, 61
Let p(v) = v**2 + 17*v - 7. What are the prime factors of p(-35)?
7, 89
What are the prime factors of -5*-687*8/40?
3, 229
Let j(d) = -d**2 + 3*d - 2. Let l be j(5). Let i be (-18)/12*l/9. Suppose 0 = r - i*b - 3, 60 = 5*r - b + 6*b. List the prime factors of r.
3
Let z be 163/11 - (-26)/143. Suppose z + 36 = p. List the prime factors of p.
3, 17
Suppose 5*g - 3*c + 4 = 11, 2*g - 3 = c. Suppose -804 = -3*m - 5*j, -g*j = -3*m - 5*j + 798. What are the prime factors of m?
263
Let x(z) = -3*z**3 - 61*z**2 + 25*z - 106. List the prime factors of x(-22).
2, 3, 7
Let v be 2/(-2) + -2 + 34. Let l be v/(-1*(-3)/9). List the prime factors of l/3 + -3 + 0.
2, 7
Suppose i + i = -20. Let r be 6/2 - (i + 9). What are the prime factors of 63/3 + r + 4?
29
Let v = -1950 + 3150. List the prime factors of v.
2, 3, 5
Let i(a) = -4*a + 89. Let k be i(22). List the prime factors of (-34 + k)/(12/(-8)).
2, 11
Suppose 16*r - 15459 - 1869 = 0. What are the prime factors of r?
3, 19
Let a(p) = 153*p - 36. Let z(f) = -22*f + 5. Let x(q) = 4*a(q) + 27*z(q). What are the prime factors of x(4)?
3, 7
Let r be (-1)/(-6) - (-1 - 94/12). Suppose r*x = -514 + 1243. What are the prime factors of x?
3
Suppose 3*n = -4*p + 786, -13*n - 772 = -4*p - 9*n. List the prime factors of p.
3, 5, 13
Suppose 0*n - 3*a - 14 = n, -5*a - 30 = 5*n. Suppose 2*g = -173 - 21. What are the prime factors of n/6 + g/(-3)?
2
Suppose -4*s + 5*r + 9 = 24, s = -4*r - 30. Let u = s + 103. What are the prime factors of u?
3, 31
Let l = 1099 + -1058. List the prime factors of l.
41
Let f(i) = 4*i**2 - 18*i + 11. Let d be f(8). Let q = -75 + d. What are the prime factors of q?
2, 3
Let f = 2247 - 1084. Suppose -x - 143 = y - 425, 0 = -4*y + 3*x + f. What are the prime factors of y?
7, 41
Suppose 7*z = z. Suppose k = -z*t - t + 75, -3*k + 221 = 4*t. What are the prime factors of k?
79
Suppose 3*j - j = 3*s + 225, -5*j + 528 = 4*s. What are the prime factors of j?
2, 3
Let h(v) = -3*v + 1 + v + v**2 + 5 - 3. Let n be h(3). Suppose -4*u - n = -70. List the prime factors of u.
2
Let j = 1810 + -1247. What are the prime factors of j?
563
Suppose -2*c - c = -195. What are the prime factors of (-1 - -3) + 5 + c?
2, 3
Let z(y) = 23*y**2 - 6*y - 4. Let s = 6 - 7. What are the prime factors of z(s)?
5
Let a be (1 + (3 - 0))/(1/4). Suppose -2 + 8 = 3*f. What are the prime factors of (104/a)/(f/4)?
13
Suppose 7*p + 25 = -24. Let i(w) = w**3 + 8*w**2 - 8*w + 2. List the prime factors of i(p).
107
Let l = -1037 + 1758. Suppose 0 = 3*f + 2*t - 88, t - 15 = -f + 15. What are the prime factors of l/f + (-1)/(-4)?
2, 13
Let l be -1*3/9*3. List the prime factors of (0/(-5) - 155)/l.
5, 31
Let b(l) = l**2 + l + 33. Let c be (-3)/6*(1 - 1). Suppose 7*j - j = c. List the prime factors of b(j).
3, 11
Let h be (9 + (-1 - 0))/2. Let v be (6 + -3)/(2/114). Suppose -f - v = -h*f. What are the prime factors of f?
3, 19
Let a = 120 + -123. List the prime factors of 38/(1*(a - 35/(-11))).
11, 19
Let u(r) be the third derivative of 0 + 0*r - 1/60*r**5 - 12*r**2 + 5/3*r**3 - 11/24*r**4. What are the prime factors of u(-10)?
2, 5
Let y(a) = 5*a**2 + 58*a - 48. List the prime factors of y(-25).
1627
Let a(p) = 0*p + 19*p**3 - 20*p**3 - 2*p - 10*p**2 - 4. Let n be a(-10). What are the prime factors of (200/n)/(2/4)?
5
Suppose -338 = -h - m, 1016 = 6*h - 3*h + 5*m. Suppose h = 7*w - 1427. List the prime factors of w.
2, 3, 7
Suppose -6*z + 5726 = -748. What are the prime factors of z?
13, 83
Let p = 23 - -51. Suppose -11 = 7*v - p. Suppose -2*u + 99 - v = 0. What are the prime factors of u?
3, 5
What are the prime factors of ((-25)/(-15))/(20/36180)?
3, 5, 67
What are the prime factors of -2*(105/280 + (-10895)/8)?
7, 389
Let i(u) = -6*u + 1. Let o be i(-1). Suppose 14*f - o*f = 742. What are the prime factors of f?
2, 53
Let l = -490 + 823. Suppose 7*u = 1831 - l. What are the prime factors of u?
2, 107
Suppose -30*b = 2*b - 22080. List the prime factors of b.
2, 3, 5, 23
Let s = 62 + -83. What are the prime factors of -3*7/6*60/s?
2, 5
Suppose 4*n + 947 = 3*i, 837 = -5*n + 5*i - 348. Let x be n/6*(-2 - 1). Let t = x - 79. List the prime factors of t.
3, 13
Let c(x) = -15*x - 18. Let b be c(-6). Let q = b + 35. List the prime factors of q.
107
Suppose 3*t = 5*d + 37, 4*t - 18 - 3 = d. Let a be t - 4/((-12)/(-243)). Let g = a + 129. List the prime factors of g.
2, 13
Let n be (-5)/(3 - 470/155). Suppose -n = -3*a + 367. What are the prime factors of a?
2, 3, 29
Let x(q) = 167*q + 4. List the prime factors of x(1).
3, 19
Let q(x) = x + 0*x - 5 + 16 - 1. Let u be q(-7). Suppose -8*p + u*p = -35. List the prime factors of p.
7
Let w(z) = 3*z - 14. Suppose 0 = -5*v - 4*v + 126. What are the prime factors of w(v)?
2, 7
Let y(t) = 4*t + 20. Let b be y(-6). What are the prime factors of (-64)/10*(-14 - b)?
2
Let d = 61 - -870. List the prime factors of d.
7, 19
Suppose 4*b = -b - o - 61, -5*b + 2*o - 58 = 0. Let g(f) be the second derivative of f**4/12 + 4*f**3/3 - 7*f**2 + f. List the prime factors of g(b).
2, 17
Let x = -128 - -128. Suppose -2*y + 5*h - 1 = -4*y, -3*y + 2*h + 11 = x. What are the prime factors of y?
3
Let n = 944 + -620. List the prime factors of n.
2, 3
Let u = -88 - -116. What are the prime factors of u?
2, 7
Suppose -945 = 18*g - 15*g. List the prime factors of g/3*(-4)/4.
3, 5, 7
Let d(h) = -h**2 - 19*h - 85. Let u be d(-9). Let p be 1/(-3) - 157/(-3). Suppose -u*z = p - 192. List the prime factors of z.
2, 7
Suppose -4 = -5*f + 1. List the prime factors of f*2*(-101)/(-2).
101
Let c(j) be the third derivative of -5/3*j**3 - 11/24*j**4 + 0*j - 1/60*j**5 + 0 + 3*j**2. List the prime factors of c(-8).
2, 7
Let d = 366 + -254. What are the prime factors of d?
2, 7
What are the prime factors of (6 - 12 - -5) + 617?
2, 7, 11
Let q(t) = 2*t**3 - 135*t**2 - 9*t + 263. What are the prime factors of q(68)?
3, 5, 19
Suppose 0 = 5*k - 2*p + p - 750, 0 = -5*k + 5*p + 730. Let c be (-8)/(-12)*(-30)/(-4). Suppose -k - 69 = -c*m. List the prime factors of m.
2, 11
Suppose 0 = a - c - 91, -4*a - 73 = 3*c - 402. Let h = a - 52. List the prime factors of h.
2, 17
Let p = -55 - 48. Let y = 55 + p. Let c = y - -87. What are the prime factors of c?
3, 13
Suppose -g = 16 - 99. List the prime factors of g.
83
Let a = -46 + 65. List the prime factors of a.
19
Let r = -10 - -12. Let a(z) = -6 + r + 0 + 14*z. What are the prime factors of a(4)?
2, 13
Suppose -p + 3 = 6. Let c be (1 + 6/(-9))*p. Let u = 15 + c. What are the prime factors of u?
2, 7
Let b(m) = m + 8. Let x be b(-6). Let q be (-7 - -2)/(-3 + x). Suppose -q*t = -t - 16. What are the prime factors of t?
2
Let h(d) = -18*d + 2. Let s = 9 + -14. Let w be h(s). Suppose 21*f = 23*f - w. List the prime factors of f.
2, 23
Let z = 37 + -102. Let a = -55 - z. What are the prime factors of a?
2, 5
Let v(p) = 9*p + 162. Suppose -k = 5*h - 25, 2*h - 7 = 3. What are the prime factors of v(k)?
2, 3
Suppose -18*f - 79*f = -499647. What are the prime factors of f?
3, 17, 101
Suppose -2021 = -f - 1451. What are the prime factors of f?
2, 3, 5, 19
Suppose -2*c - 7 = -v, 5*v = 4*c - 1 + 36. Suppose v*i - 108 = 144. What are the prime factors of i?
2, 3
Let v(a) = -a**3 - 17*a**2 + a + 81. List the prime factors of v(-20).
13, 97
Let j(y) = y + 132. Let f be j(0). Let l = f + 11. Let h = l + -86. What are the prime factors of h?
3, 19
Let r = -2 - -10. Suppose r*o - 5*o + 588 = 0. List the prime factors of (o/(-35))/(6/15).
2, 7
Let r(b) = -b**2 - 7*b + 9. Let j(n) = -n**2 - 6*n + 6. Let d(t) = -4*j(t) + 3*r(t). Let a be (-2)/7 - (-19)/(-7). What are the prime factors of d(a)?
3
Let q(s) = -s**3 - 7*s**2 + s - 4. Let n be q(-5). Let m = 114 + n. Suppose 10 = 5*t - m. List the prime factors of t.
13
Let z = -41 + 53. Suppose -3*y + 2*p + 16 = 4*p, 2*p = -2*y + z. List the prime factors of y.
2
Let g(n) = -2*n + 12. Let h be g(15).